[INFO] fetching crate futures-black-hole 0.2.2...
[INFO] checking futures-black-hole-0.2.2 against try#72f88fc4e9458f89516a0b8b0868f3718aec5b47 for pr-74989
[INFO] extracting crate futures-black-hole 0.2.2 into /workspace/builds/worker-3/source
[INFO] validating manifest of crates.io crate futures-black-hole 0.2.2 on toolchain 72f88fc4e9458f89516a0b8b0868f3718aec5b47
[INFO] running `Command { std: "/workspace/cargo-home/bin/cargo" "+72f88fc4e9458f89516a0b8b0868f3718aec5b47" "read-manifest" "--manifest-path" "Cargo.toml", kill_on_drop: false }`
[INFO] started tweaking crates.io crate futures-black-hole 0.2.2
[INFO] finished tweaking crates.io crate futures-black-hole 0.2.2
[INFO] tweaked toml for crates.io crate futures-black-hole 0.2.2 written to /workspace/builds/worker-3/source/Cargo.toml
[INFO] running `Command { std: "/workspace/cargo-home/bin/cargo" "+72f88fc4e9458f89516a0b8b0868f3718aec5b47" "generate-lockfile" "--manifest-path" "Cargo.toml" "-Zno-index-update", kill_on_drop: false }`
[INFO] running `Command { std: "/workspace/cargo-home/bin/cargo" "+72f88fc4e9458f89516a0b8b0868f3718aec5b47" "fetch" "--locked" "--manifest-path" "Cargo.toml", kill_on_drop: false }`
[INFO] [stderr]  Downloading crates ...
[INFO] [stderr]   Downloaded futures-await-await-macro v0.1.1
[INFO] [stderr]   Downloaded futures-await-async-macro v0.1.4
[INFO] [stderr]   Downloaded futures-await v0.1.1
[INFO] running `Command { std: "docker" "create" "-v" "/var/lib/crater-agent-workspace/builds/worker-3/target:/opt/rustwide/target:rw,Z" "-v" "/var/lib/crater-agent-workspace/builds/worker-3/source:/opt/rustwide/workdir:ro,Z" "-v" "/var/lib/crater-agent-workspace/cargo-home:/opt/rustwide/cargo-home:ro,Z" "-v" "/var/lib/crater-agent-workspace/rustup-home:/opt/rustwide/rustup-home:ro,Z" "-e" "SOURCE_DIR=/opt/rustwide/workdir" "-e" "CARGO_TARGET_DIR=/opt/rustwide/target" "-e" "CARGO_HOME=/opt/rustwide/cargo-home" "-e" "RUSTUP_HOME=/opt/rustwide/rustup-home" "-w" "/opt/rustwide/workdir" "-m" "1610612736" "--user" "0:0" "--network" "none" "rustops/crates-build-env@sha256:d92eaeed33fa75130ca1ee6c8a01d1ffb62bac859dfdfb3450e3e5d1c0146529" "/opt/rustwide/cargo-home/bin/cargo" "+72f88fc4e9458f89516a0b8b0868f3718aec5b47" "metadata" "--no-deps" "--format-version=1", kill_on_drop: false }`
[INFO] [stdout] 607ef5caee76c893c6f3669ba7b667b4ad6482acdf3b9497aded4f2099f227fb
[INFO] [stderr] WARNING: Your kernel does not support swap limit capabilities or the cgroup is not mounted. Memory limited without swap.
[INFO] running `Command { std: "docker" "start" "-a" "607ef5caee76c893c6f3669ba7b667b4ad6482acdf3b9497aded4f2099f227fb", kill_on_drop: false }`
[INFO] running `Command { std: "docker" "inspect" "607ef5caee76c893c6f3669ba7b667b4ad6482acdf3b9497aded4f2099f227fb", kill_on_drop: false }`
[INFO] running `Command { std: "docker" "rm" "-f" "607ef5caee76c893c6f3669ba7b667b4ad6482acdf3b9497aded4f2099f227fb", kill_on_drop: false }`
[INFO] [stdout] 607ef5caee76c893c6f3669ba7b667b4ad6482acdf3b9497aded4f2099f227fb
[INFO] running `Command { std: "docker" "create" "-v" "/var/lib/crater-agent-workspace/builds/worker-3/target:/opt/rustwide/target:rw,Z" "-v" "/var/lib/crater-agent-workspace/builds/worker-3/source:/opt/rustwide/workdir:ro,Z" "-v" "/var/lib/crater-agent-workspace/cargo-home:/opt/rustwide/cargo-home:ro,Z" "-v" "/var/lib/crater-agent-workspace/rustup-home:/opt/rustwide/rustup-home:ro,Z" "-e" "SOURCE_DIR=/opt/rustwide/workdir" "-e" "CARGO_TARGET_DIR=/opt/rustwide/target" "-e" "CARGO_INCREMENTAL=0" "-e" "RUST_BACKTRACE=full" "-e" "RUSTFLAGS=--cap-lints=forbid" "-e" "CARGO_HOME=/opt/rustwide/cargo-home" "-e" "RUSTUP_HOME=/opt/rustwide/rustup-home" "-w" "/opt/rustwide/workdir" "-m" "1610612736" "--user" "0:0" "--network" "none" "rustops/crates-build-env@sha256:d92eaeed33fa75130ca1ee6c8a01d1ffb62bac859dfdfb3450e3e5d1c0146529" "/opt/rustwide/cargo-home/bin/cargo" "+72f88fc4e9458f89516a0b8b0868f3718aec5b47" "check" "--frozen" "--all" "--all-targets" "--message-format=json", kill_on_drop: false }`
[INFO] [stderr] WARNING: Your kernel does not support swap limit capabilities or the cgroup is not mounted. Memory limited without swap.
[INFO] [stdout] 91e8e8dbc87fb7a9be5fcab96be26772efcdb186ad07a09d8998eabc16ced6c5
[INFO] running `Command { std: "docker" "start" "-a" "91e8e8dbc87fb7a9be5fcab96be26772efcdb186ad07a09d8998eabc16ced6c5", kill_on_drop: false }`
[INFO] [stderr]    Compiling proc-macro2 v0.4.30
[INFO] [stderr]    Compiling unicode-xid v0.1.0
[INFO] [stderr]    Compiling libc v0.2.77
[INFO] [stderr]     Checking futures v0.1.29
[INFO] [stderr]     Checking futures-await-await-macro v0.1.1
[INFO] [stderr]    Compiling quote v0.6.13
[INFO] [stderr]     Checking num_cpus v1.13.0
[INFO] [stderr]    Compiling syn v0.14.9
[INFO] [stderr]     Checking futures-cpupool v0.1.8
[INFO] [stderr]    Compiling futures-await-async-macro v0.1.4
[INFO] [stderr]     Checking futures-await v0.1.1
[INFO] [stdout] error[E0557]: feature has been removed
[INFO] [stdout]   --> /opt/rustwide/cargo-home/registry/src/github.com-1ecc6299db9ec823/futures-await-0.1.1/src/lib.rs:17:12
[INFO] [stdout]    |
[INFO] [stdout] 17 | #![feature(on_unimplemented)]
[INFO] [stdout]    |            ^^^^^^^^^^^^^^^^ feature has been removed
[INFO] [stdout] 
[INFO] [stdout] 
[INFO] [stdout] error[E0658]: this is an internal attribute that will never be stable
[INFO] [stdout]   --> /opt/rustwide/cargo-home/registry/src/github.com-1ecc6299db9ec823/futures-await-0.1.1/src/lib.rs:64:5
[INFO] [stdout]    |
[INFO] [stdout] 64 | /     #[rustc_on_unimplemented = "async functions must return a `Result` or \
[INFO] [stdout] 65 | |                                 a typedef of `Result`"]
[INFO] [stdout]    | |_______________________________________________________^
[INFO] [stdout]    |
[INFO] [stdout]    = help: add `#![feature(rustc_attrs)]` to the crate attributes to enable
[INFO] [stdout] 
[INFO] [stdout] 
[INFO] [stdout] error[E0599]: no method named `resume` found for type parameter `T` in the current scope
[INFO] [stdout]    --> /opt/rustwide/cargo-home/registry/src/github.com-1ecc6299db9ec823/futures-await-0.1.1/src/lib.rs:120:35
[INFO] [stdout]     |
[INFO] [stdout] 120 |             match unsafe { self.0.resume() } {
[INFO] [stdout]     |                                   ^^^^^^ method not found in `T`
[INFO] [stdout] 
[INFO] [stdout] 
[INFO] [stderr] error: could not compile `futures-await`.
[INFO] [stdout] error[E0599]: no method named `resume` found for type parameter `T` in the current scope
[INFO] [stdout]    --> /opt/rustwide/cargo-home/registry/src/github.com-1ecc6299db9ec823/futures-await-0.1.1/src/lib.rs:140:37
[INFO] [stdout]     |
[INFO] [stdout] 140 |             match unsafe { self.gen.resume() } {
[INFO] [stdout]     |                                     ^^^^^^ method not found in `T`
[INFO] [stdout] 
[INFO] [stdout] 
[INFO] [stderr] 
[INFO] [stdout] error: aborting due to 4 previous errors
[INFO] [stdout] 
[INFO] [stdout] 
[INFO] [stderr] To learn more, run the command again with --verbose.
[INFO] [stdout] Some errors have detailed explanations: E0557, E0599, E0658.
[INFO] [stdout] 
[INFO] [stdout] For more information about an error, try `rustc --explain E0557`.
[INFO] [stdout] 
[INFO] running `Command { std: "docker" "inspect" "91e8e8dbc87fb7a9be5fcab96be26772efcdb186ad07a09d8998eabc16ced6c5", kill_on_drop: false }`
[INFO] running `Command { std: "docker" "rm" "-f" "91e8e8dbc87fb7a9be5fcab96be26772efcdb186ad07a09d8998eabc16ced6c5", kill_on_drop: false }`
[INFO] [stdout] 91e8e8dbc87fb7a9be5fcab96be26772efcdb186ad07a09d8998eabc16ced6c5
